[INFO] cloning repository https://github.com/mizkichan/rust-uefi-hello-example
[INFO] running `Command { std: "git" "-c" "credential.helper=" "-c" "credential.helper=/workspace/cargo-home/bin/git-credential-null" "clone" "--bare" "https://github.com/mizkichan/rust-uefi-hello-example" "/workspace/cache/git-repos/https%3A%2F%2Fgithub.com%2Fmizkichan%2Frust-uefi-hello-example", kill_on_drop: false }`
[INFO] [stderr] Cloning into bare repository '/workspace/cache/git-repos/https%3A%2F%2Fgithub.com%2Fmizkichan%2Frust-uefi-hello-example'...
[INFO] running `Command { std: "git" "rev-parse" "HEAD", kill_on_drop: false }`
[INFO] [stdout] 0bf665f580bdd2492965a66ed939ea6262b8b04a
[INFO] checking mizkichan/rust-uefi-hello-example against master#af3c6e733a40e671550e0f0f5aeecaa13772ba56 for pr-74989
[INFO] running `Command { std: "git" "clone" "/workspace/cache/git-repos/https%3A%2F%2Fgithub.com%2Fmizkichan%2Frust-uefi-hello-example" "/workspace/builds/worker-12/source", kill_on_drop: false }`
[INFO] [stderr] Cloning into '/workspace/builds/worker-12/source'...
[INFO] [stderr] done.
[INFO] validating manifest of git repo https://github.com/mizkichan/rust-uefi-hello-example on toolchain af3c6e733a40e671550e0f0f5aeecaa13772ba56
[INFO] running `Command { std: "/workspace/cargo-home/bin/cargo" "+af3c6e733a40e671550e0f0f5aeecaa13772ba56" "read-manifest" "--manifest-path" "Cargo.toml", kill_on_drop: false }`
[INFO] started tweaking git repo https://github.com/mizkichan/rust-uefi-hello-example
[INFO] finished tweaking git repo https://github.com/mizkichan/rust-uefi-hello-example
[INFO] tweaked toml for git repo https://github.com/mizkichan/rust-uefi-hello-example written to /workspace/builds/worker-12/source/Cargo.toml
[INFO] crate git repo https://github.com/mizkichan/rust-uefi-hello-example already has a lockfile, it will not be regenerated
[INFO] running `Command { std: "/workspace/cargo-home/bin/cargo" "+af3c6e733a40e671550e0f0f5aeecaa13772ba56" "fetch" "--locked" "--manifest-path" "Cargo.toml", kill_on_drop: false }`
[INFO] [stderr]     Blocking waiting for file lock on package cache
[INFO] [stderr]     Blocking waiting for file lock on package cache
[INFO] running `Command { std: "docker" "create" "-v" "/var/lib/crater-agent-workspace/builds/worker-12/target:/opt/rustwide/target:rw,Z" "-v" "/var/lib/crater-agent-workspace/builds/worker-12/source:/opt/rustwide/workdir:ro,Z" "-v" "/var/lib/crater-agent-workspace/cargo-home:/opt/rustwide/cargo-home:ro,Z" "-v" "/var/lib/crater-agent-workspace/rustup-home:/opt/rustwide/rustup-home:ro,Z" "-e" "SOURCE_DIR=/opt/rustwide/workdir" "-e" "CARGO_TARGET_DIR=/opt/rustwide/target" "-e" "CARGO_HOME=/opt/rustwide/cargo-home" "-e" "RUSTUP_HOME=/opt/rustwide/rustup-home" "-w" "/opt/rustwide/workdir" "-m" "1610612736" "--user" "0:0" "--network" "none" "rustops/crates-build-env@sha256:d92eaeed33fa75130ca1ee6c8a01d1ffb62bac859dfdfb3450e3e5d1c0146529" "/opt/rustwide/cargo-home/bin/cargo" "+af3c6e733a40e671550e0f0f5aeecaa13772ba56" "metadata" "--no-deps" "--format-version=1", kill_on_drop: false }`
[INFO] [stdout] 1dd36ab678b705e99d84f2149d6dd7366c47f2d01eb1e01c54824df4969b7e9a
[INFO] [stderr] WARNING: Your kernel does not support swap limit capabilities or the cgroup is not mounted. Memory limited without swap.
[INFO] running `Command { std: "docker" "start" "-a" "1dd36ab678b705e99d84f2149d6dd7366c47f2d01eb1e01c54824df4969b7e9a", kill_on_drop: false }`
[INFO] running `Command { std: "docker" "inspect" "1dd36ab678b705e99d84f2149d6dd7366c47f2d01eb1e01c54824df4969b7e9a", kill_on_drop: false }`
[INFO] running `Command { std: "docker" "rm" "-f" "1dd36ab678b705e99d84f2149d6dd7366c47f2d01eb1e01c54824df4969b7e9a", kill_on_drop: false }`
[INFO] [stdout] 1dd36ab678b705e99d84f2149d6dd7366c47f2d01eb1e01c54824df4969b7e9a
[INFO] running `Command { std: "docker" "create" "-v" "/var/lib/crater-agent-workspace/builds/worker-12/target:/opt/rustwide/target:rw,Z" "-v" "/var/lib/crater-agent-workspace/builds/worker-12/source:/opt/rustwide/workdir:ro,Z" "-v" "/var/lib/crater-agent-workspace/cargo-home:/opt/rustwide/cargo-home:ro,Z" "-v" "/var/lib/crater-agent-workspace/rustup-home:/opt/rustwide/rustup-home:ro,Z" "-e" "SOURCE_DIR=/opt/rustwide/workdir" "-e" "CARGO_TARGET_DIR=/opt/rustwide/target" "-e" "CARGO_INCREMENTAL=0" "-e" "RUST_BACKTRACE=full" "-e" "RUSTFLAGS=--cap-lints=forbid" "-e" "CARGO_HOME=/opt/rustwide/cargo-home" "-e" "RUSTUP_HOME=/opt/rustwide/rustup-home" "-w" "/opt/rustwide/workdir" "-m" "1610612736" "--user" "0:0" "--network" "none" "rustops/crates-build-env@sha256:d92eaeed33fa75130ca1ee6c8a01d1ffb62bac859dfdfb3450e3e5d1c0146529" "/opt/rustwide/cargo-home/bin/cargo" "+af3c6e733a40e671550e0f0f5aeecaa13772ba56" "check" "--frozen" "--all" "--all-targets" "--message-format=json", kill_on_drop: false }`
[INFO] [stderr] WARNING: Your kernel does not support swap limit capabilities or the cgroup is not mounted. Memory limited without swap.
[INFO] [stdout] c984f64112d97857404b35e62b89485053e46b307d56e009c3b32d9151807c5a
[INFO] running `Command { std: "docker" "start" "-a" "c984f64112d97857404b35e62b89485053e46b307d56e009c3b32d9151807c5a", kill_on_drop: false }`
[INFO] [stderr]     Blocking waiting for file lock on package cache
[INFO] [stderr]    Compiling unicode-xid v0.1.0
[INFO] [stderr]     Checking bitflags v1.0.4
[INFO] [stderr]     Checking cfg-if v0.1.6
[INFO] [stderr]     Checking ucs2 v0.1.0
[INFO] [stderr]     Checking ux v0.1.3
[INFO] [stderr]     Checking usize_conversions v0.2.0
[INFO] [stderr]     Checking os_bootinfo v0.2.1
[INFO] [stderr]     Checking log v0.4.6
[INFO] [stderr]    Compiling proc-macro2 v0.4.27
[INFO] [stderr]    Compiling quote v0.6.11
[INFO] [stderr]    Compiling syn v0.15.27
[INFO] [stderr]    Compiling uefi-macros v0.1.0 (https://github.com/rust-osdev/uefi-rs.git#f50215ec)
[INFO] [stderr]     Checking uefi v0.1.0 (https://github.com/rust-osdev/uefi-rs.git#f50215ec)
[INFO] [stdout] error[E0658]: negative trait bounds are not yet fully implemented; use marker types for now
[INFO] [stdout]   --> /opt/rustwide/cargo-home/git/checkouts/uefi-rs-f0a06b7c1e31b7b0/f50215e/src/proto/console/gop.rs:38:10
[INFO] [stdout]    |
[INFO] [stdout] 38 | #[derive(Protocol)]
[INFO] [stdout]    |          ^^^^^^^^
[INFO] [stdout]    |
[INFO] [stdout]    = note: see issue #68318 <https://github.com/rust-lang/rust/issues/68318> for more information
[INFO] [stdout]    = help: add `#![feature(negative_impls)]` to the crate attributes to enable
[INFO] [stdout]    = note: this error originates in a derive macro (in Nightly builds, run with -Z macro-backtrace for more info)
[INFO] [stdout] 
[INFO] [stdout] 
[INFO] [stdout] error[E0658]: negative trait bounds are not yet fully implemented; use marker types for now
[INFO] [stdout]   --> /opt/rustwide/cargo-home/git/checkouts/uefi-rs-f0a06b7c1e31b7b0/f50215e/src/proto/console/pointer/mod.rs:10:10
[INFO] [stdout]    |
[INFO] [stdout] 10 | #[derive(Protocol)]
[INFO] [stdout]    |          ^^^^^^^^
[INFO] [stdout]    |
[INFO] [stdout]    = note: see issue #68318 <https://github.com/rust-lang/rust/issues/68318> for more information
[INFO] [stdout]    = help: add `#![feature(negative_impls)]` to the crate attributes to enable
[INFO] [stdout]    = note: this error originates in a derive macro (in Nightly builds, run with -Z macro-backtrace for more info)
[INFO] [stdout] 
[INFO] [stdout] 
[INFO] [stdout] error[E0658]: negative trait bounds are not yet fully implemented; use marker types for now
[INFO] [stdout]   --> /opt/rustwide/cargo-home/git/checkouts/uefi-rs-f0a06b7c1e31b7b0/f50215e/src/proto/console/serial.rs:16:10
[INFO] [stdout]    |
[INFO] [stdout] 16 | #[derive(Protocol)]
[INFO] [stdout]    |          ^^^^^^^^
[INFO] [stdout]    |
[INFO] [stdout]    = note: see issue #68318 <https://github.com/rust-lang/rust/issues/68318> for more information
[INFO] [stdout]    = help: add `#![feature(negative_impls)]` to the crate attributes to enable
[INFO] [stdout]    = note: this error originates in a derive macro (in Nightly builds, run with -Z macro-backtrace for more info)
[INFO] [stdout] 
[INFO] [stdout] 
[INFO] [stdout] error[E0658]: negative trait bounds are not yet fully implemented; use marker types for now
[INFO] [stdout]  --> /opt/rustwide/cargo-home/git/checkouts/uefi-rs-f0a06b7c1e31b7b0/f50215e/src/proto/console/text/input.rs:8:10
[INFO] [stdout]   |
[INFO] [stdout] 8 | #[derive(Protocol)]
[INFO] [stdout]   |          ^^^^^^^^
[INFO] [stdout]   |
[INFO] [stdout]   = note: see issue #68318 <https://github.com/rust-lang/rust/issues/68318> for more information
[INFO] [stdout]   = help: add `#![feature(negative_impls)]` to the crate attributes to enable
[INFO] [stdout]   = note: this error originates in a derive macro (in Nightly builds, run with -Z macro-backtrace for more info)
[INFO] [stdout] 
[INFO] [stdout] 
[INFO] [stdout] error[E0658]: negative trait bounds are not yet fully implemented; use marker types for now
[INFO] [stdout]   --> /opt/rustwide/cargo-home/git/checkouts/uefi-rs-f0a06b7c1e31b7b0/f50215e/src/proto/console/text/output.rs:12:10
[INFO] [stdout]    |
[INFO] [stdout] 12 | #[derive(Protocol)]
[INFO] [stdout]    |          ^^^^^^^^
[INFO] [stdout]    |
[INFO] [stdout]    = note: see issue #68318 <https://github.com/rust-lang/rust/issues/68318> for more information
[INFO] [stdout]    = help: add `#![feature(negative_impls)]` to the crate attributes to enable
[INFO] [stdout]    = note: this error originates in a derive macro (in Nightly builds, run with -Z macro-backtrace for more info)
[INFO] [stdout] 
[INFO] [stdout] 
[INFO] [stdout] error[E0658]: negative trait bounds are not yet fully implemented; use marker types for now
[INFO] [stdout]   --> /opt/rustwide/cargo-home/git/checkouts/uefi-rs-f0a06b7c1e31b7b0/f50215e/src/proto/debug/mod.rs:18:10
[INFO] [stdout]    |
[INFO] [stdout] 18 | #[derive(Protocol)]
[INFO] [stdout]    |          ^^^^^^^^
[INFO] [stdout]    |
[INFO] [stdout]    = note: see issue #68318 <https://github.com/rust-lang/rust/issues/68318> for more information
[INFO] [stdout]    = help: add `#![feature(negative_impls)]` to the crate attributes to enable
[INFO] [stdout]    = note: this error originates in a derive macro (in Nightly builds, run with -Z macro-backtrace for more info)
[INFO] [stdout] 
[INFO] [stdout] 
[INFO] [stdout] error[E0658]: negative trait bounds are not yet fully implemented; use marker types for now
[INFO] [stdout]   --> /opt/rustwide/cargo-home/git/checkouts/uefi-rs-f0a06b7c1e31b7b0/f50215e/src/proto/media/fs.rs:14:10
[INFO] [stdout]    |
[INFO] [stdout] 14 | #[derive(Protocol)]
[INFO] [stdout]    |          ^^^^^^^^
[INFO] [stdout]    |
[INFO] [stdout]    = note: see issue #68318 <https://github.com/rust-lang/rust/issues/68318> for more information
[INFO] [stdout]    = help: add `#![feature(negative_impls)]` to the crate attributes to enable
[INFO] [stdout]    = note: this error originates in a derive macro (in Nightly builds, run with -Z macro-backtrace for more info)
[INFO] [stdout] 
[INFO] [stdout] 
[INFO] [stdout] error: aborting due to 7 previous errors
[INFO] [stdout] 
[INFO] [stdout] 
[INFO] [stdout] For more information about this error, try `rustc --explain E0658`.
[INFO] [stdout] 
[INFO] [stderr] error: could not compile `uefi`.
[INFO] [stderr] 
[INFO] [stderr] To learn more, run the command again with --verbose.
[INFO] [stderr] warning: build failed, waiting for other jobs to finish...
[INFO] [stderr] error: build failed
[INFO] running `Command { std: "docker" "inspect" "c984f64112d97857404b35e62b89485053e46b307d56e009c3b32d9151807c5a", kill_on_drop: false }`
[INFO] running `Command { std: "docker" "rm" "-f" "c984f64112d97857404b35e62b89485053e46b307d56e009c3b32d9151807c5a", kill_on_drop: false }`
[INFO] [stdout] c984f64112d97857404b35e62b89485053e46b307d56e009c3b32d9151807c5a
